{"id":59,"date":"2024-03-03T15:03:48","date_gmt":"2024-03-03T14:03:48","guid":{"rendered":"https:\/\/cogest-sud.fr\/?page_id=59"},"modified":"2024-03-16T17:48:33","modified_gmt":"2024-03-16T16:48:33","slug":"accueil","status":"publish","type":"page","link":"https:\/\/cogest-sud.fr\/index.php\/accueil\/","title":{"rendered":"Accueil"},"content":{"rendered":"\n<p>Bienvenue sur le site de Cogest-Sud, votre partenaire de confiance dans la coordination de chantier. Sp\u00e9cialis\u00e9s dans le m\u00e9tier de coordinateur de travaux, nous vous offrons des solutions professionnelles et efficaces pour mener \u00e0 bien vos projets de construction. Avec notre expertise et notre engagement envers l&#8217;excellence, nous sommes l\u00e0 pour vous accompagner \u00e0 chaque \u00e9tape de votre projet. Explorez notre site pour en savoir plus sur nos services et d\u00e9couvrez comment nous pouvons contribuer au succ\u00e8s de votre projet.<\/p>\n\n\n\n<p><\/p>\n","protected":false},"excerpt":{"rendered":"<p>Bienvenue sur le site de Cogest-Sud, votre partenaire de confiance dans la coordination de chantier. Sp\u00e9cialis\u00e9s dans le m\u00e9tier de coordinateur de travaux, nous vous offrons des solutions professionnelles et efficaces pour mener \u00e0 bien vos projets de construction. Avec notre expertise et notre engagement envers l&#8217;excellence, nous sommes l\u00e0 pour vous accompagner \u00e0 chaque [&hellip;]<\/p>\n","protected":false},"author":1,"featured_media":0,"parent":0,"menu_order":0,"comment_status":"closed","ping_status":"closed","template":"","meta":{"footnotes":""},"class_list":["post-59","page","type-page","status-publish","hentry"],"_links":{"self":[{"href":"https:\/\/cogest-sud.fr\/index.php\/wp-json\/wp\/v2\/pages\/59","targetHints":{"allow":["GET"]}}],"collection":[{"href":"https:\/\/cogest-sud.fr\/index.php\/wp-json\/wp\/v2\/pages"}],"about":[{"href":"https:\/\/cogest-sud.fr\/index.php\/wp-json\/wp\/v2\/types\/page"}],"author":[{"embeddable":true,"href":"https:\/\/cogest-sud.fr\/index.php\/wp-json\/wp\/v2\/users\/1"}],"replies":[{"embeddable":true,"href":"https:\/\/cogest-sud.fr\/index.php\/wp-json\/wp\/v2\/comments?post=59"}],"version-history":[{"count":3,"href":"https:\/\/cogest-sud.fr\/index.php\/wp-json\/wp\/v2\/pages\/59\/revisions"}],"predecessor-version":[{"id":128,"href":"https:\/\/cogest-sud.fr\/index.php\/wp-json\/wp\/v2\/pages\/59\/revisions\/128"}],"wp:attachment":[{"href":"https:\/\/cogest-sud.fr\/index.php\/wp-json\/wp\/v2\/media?parent=59"}],"curies":[{"name":"wp","href":"https:\/\/api.w.org\/{rel}","templated":true}]}}